lculate a(14).
3
Let m(c) = c**3 - 15*c**2 + 35*c + 17. Calculate m(12).
5
Let m(i) = i**2 + 13*i + 3. Determine m(-5).
-37
Let x(o) = -2*o**2 - 55*o - 390. What is x(-13)?
-13
Let g(d) = 2*d**2 + 23*d - 2. Determine g(-11).
-13
Let o(f) = -f**3 - f**2 - f - 2. Give o(0).
-2
Let m(r) = -2*r**3 + 17*r**2 + 13*r - 30. Calculate m(9).
6
Let c(h) = -5*h. What is c(5)?
-25
Let n(d) = -2*d**2 + 32*d + 34. Give n(17).
0
Let b(h) = -11*h + 695. Give b(63).
2
Let m(y) = -2*y**2 + 4*y + 5. Determine m(-4).
-43
Let n(c) = -c**2 + 66*c - 376. Calculate n(6).
-16
Let o(z) = 12*z + 22. Calculate o(-5).
-38
Let b(v) = -v**2 + 15*v - 18. What is b(14)?
-4
Let m(z) = -2*z**2 - 23*z - 7. Calculate m(-9).
38
Let i(a) = -a**3 - 6*a**2 - 3*a + 5. What is i(-4)?
-15
Let h(z) = -z**3 + 6*z**2 + 14*z + 12. What is h(8)?
-4
Let l(m) = -m**3 - 3*m + 4. Calculate l(-3).
40
Let x(b) = -2*b - 3. Give x(7).
-17
Let l(z) = z + 4. What is l(-7)?
-3
Let x(f) = -f**3 + 15*f**2 - 13*f - 8. What is x(14)?
6
Let o(r) = -r + 8. Determine o(6).
2
Let b(k) = -7*k + 19. Determine b(-9).
82
Let q(c) = -2*c**3 + 4*c**2 + 3*c + 3. What is q(4)?
-49
Let a(x) = x**3 - 10*x**2 - 5*x - 15. What is a(11)?
51
Let r(f) = 3*f**2 + 16*f + 13. Give r(-7).
48
Let m(w) = -w**2 - 8*w + 3. Determine m(-8).
3
Let d(g) = -g**2 + 11*g + 3. Determine d(12).
-9
Let f(l) = l + 20. Calculate f(-23).
-3
Let p(s) = -37*s - 11. What is p(3)?
-122
Let c(a) = -2*a**2 - 4*a + 7. Calculate c(-5).
-23
Let l(r) = r**3 - 6*r**2 - 18*r + 36. Determine l(8).
20
Let s(l) = -l - 21. What is s(-8)?
-13
Let v(r) = r + 53. Determine v(-21).
32
Let t(m) = 36*m + 1556. Calculate t(-43).
8
Let w(t) = t**3 - 4*t**2 - 12*t + 19. What is w(5)?
-16
Let w(q) = q**2 + 23*q + 23. Determine w(-20).
-37
Let v(f) = -f - 114. Give v(-25).
-89
Let x(q) = 251*q + 754. What is x(-3)?
1
Let m(c) = -2*c - 5. What is m(-8)?
11
Let h(d) = -d + 4. Determine h(7).
-3
Let v(f) = 11*f + 3. Determine v(-1).
-8
Let i(x) = 138*x - 962. Calculate i(7).
4
Let m(v) = v**2 + 9*v + 10. What is m(-4)?
-10
Let z(m) = m**2 + 6*m - 5. Determine z(-7).
2
Let f(l) = -6*l - 16. Give f(-4).
8
Let k(d) = d**3 - 7*d**2 + 7*d - 30. Determine k(7).
19
Let o(u) = -u**3 + 17*u**2 - 71*u + 9. Determine o(7).
2
Let s(b) = -b**2 + 35*b - 255. Give s(24).
9
Let b(g) = g + 1. Give b(-3).
-2
Let t(g) = -39*g + 423. Give t(11).
-6
Let y(o) = -3*o**3 - o**2 + 4*o - 3. Calculate y(-3).
57
Let m(j) = 88*j + 449. Calculate m(-5).
9
Let g(t) = 11*t - 3. Give g(2).
19
Let n(t) = t**2 + 9*t - 16. Calculate n(-12).
20
Let i(m) = m**2 - m + 2. Determine i(1).
2
Let v(i) = -8*i**2 - 15*i + 3. What is v(-2)?
1
Let d(x) = -x**2 - 26*x + 29. Determine d(-25).
54
Let o(c) = -2*c**2 - 8*c + 11. Give o(-5).
1
Let t(l) = l**3 + 4*l**2 - 6*l - 10. Calculate t(-5).
-5
Let y(p) = -3*p - 24. Calculate y(0).
-24
Let y(h) = 3*h. Give y(-8).
-24
Let s(j) = -j**2 - 9*j + 5. What is s(-9)?
5
Let p(g) = g**3 - 15*g**2 + 18*g - 3. Give p(14).
53
Let h(j) = -2*j**2 - 27*j + 13. What is h(-13)?
26
Let y(j) = -5*j**2 - 4*j. Calculate y(0).
0
Let k(l) = -l**3 + l**2 + 2*l - 4. Give k(2).
-4
Let w(p) = -3*p - 12. What is w(6)?
-30
Let n(w) = w**2 + 11*w - 9. What is n(6)?
93
Let o(c) = c**3 - 13*c**2 + 21*c + 12. What is o(11)?
1
Let h(y) = y**2 - 19*y - 66. What is h(22)?
0
Let c(y) = -y**3 - 5. Give c(0).
-5
Let l(q) = -q**2 + 21*q - 20. What is l(20)?
0
Let p(v) = -7*v - 6. Give p(-2).
8
Let d(u) = -u**2 - 26*u + 36. Calculate d(-27).
9
Let n(u) = -2*u - 6. Determine n(-7).
8
Let l(t) = -15*t**3 - t**2 - 2*t + 2. Give l(1).
-16
Let v(j) = j**3 - 40*j**2 + 74*j + 63. Determine v(38).
-13
Let y(d) = 3*d. What is y(-5)?
-15
Let v(b) = -8*b + 7. Calculate v(-8).
71
Let w(u) = -102*u**2 - 2*u + 2. What is w(1)?
-102
Let x(b) = b**2 + 20*b - 9. Give x(-20).
-9
Let m(k) = -k**3 - 4*k**2 + 11*k - 3. Calculate m(-6).
3
Let j(r) = -r**2 - 8*r - 10. What is j(-9)?
-19
Let h(j) = j**2 - 19*j - 279. Give h(-10).
11
Let b(w) = -4*w - 71. Calculate b(-16).
-7
Let h(q) = q**3 + 5*q**2 + 5*q - 3. What is h(-4)?
-7
Let m(s) = -s**3 + 11*s**2 + 10*s - 20. What is m(12)?
-44
Let t(u) = u**2 - 20*u + 90. Calculate t(11).
-9
Let x(m) = -m**2 - 4*m + 22. Determine x(3).
1
Let r(u) = u**3 - 6*u**2 - 6*u - 17. What is r(7)?
-10
Let d(x) = -12*x + 82. Calculate d(0).
82
Let z(d) = -8*d + 105. What is z(11)?
17
Let v(w) = w**3 + 4*w**2 + 7*w + 9. Give v(-2).
3
Let h(z) = z**2 - 14*z + 21. Determine h(13).
8
Let a(w) = 17*w + 9. Determine a(-1).
-8
Let y(x) = x**2 - 9*x + 18. Give y(8).
10
Let r(v) = v**2 - 19*v + 15. Give r(18).
-3
Let a(c) = -c**3 - c**2 - 2. Give a(-3).
16
Let r(s) = -s**2 + s - 103. Calculate r(0).
-103
Let m(v) = -v**3 + 10*v**2 - 3*v + 12. Determine m(10).
-18
Let i(f) = -f**3 + 26*f**2 + 27*f - 18. Calculate i(27).
-18
Let j(s) = -s**3 - 5*s**2 - s + 4. Calculate j(-3).
-11
Let u(o) = -8*o + 25. Determine u(4).
-7
Let z(v) = -77*v - 50. Give z(-2).
104
Let o(r) = 4*r**2 + 4*r - 19. What is o(-5)?
61
Let l(r) = -9*r - 44. Determine l(-5).
1
Let s(x) = x - 43. Calculate s(45).
2
Let n(w) = w**3 - 6*w**2 + 3*w - 8. What is n(6)?
10
Let g(z) = -11*z - 7. Calculate g(-10).
103
Let a(k) = 8*k + 33. What is a(-10)?
-47
Let r(p) = -9*p**2 - 2*p. Determine r(-1).
-7
Let o(y) = -y**3 - 3*y**2 + 7*y - 16. Calculate o(-4).
-28
Let y(z) = z**3 + z**2 - 2*z + 5. What is y(-3)?
-7
Let j(o) = 5*o**2 + o - 4. What is j(-2)?
14
Let h(y) = -y**2 - 5*y + 26. Give h(3).
2
Let s(u) = 21*u + 165. Give s(-10).
-45
Let y(z) = z + 3. Determine y(-6).
-3
Let c(f) = f**3 + 7*f**2 + 8*f + 7. Determine c(-6).
-5
Let n(o) = -o**2 + 11*o - 28. Calculate n(8).
-4
Let f(a) = -20*a. What is f(-1)?
20
Let s(l) = -5*l**2 + 4*l + 1. Calculate s(-3).
-56
Let z(v) = 12*v**2 - 4*v - 2. Determine z(1).
6
Let j(d) = -7*d**2 + d + 10. Calculate j(0).
10
Let m(z) = -14*z + 190. Give m(13).
8
Let v(f) = 2*f + 14. What is v(14)?
42
Let s(x) = 8*x**2 + 7*x - 2. Give s(-4).
98
Let n(y) = y**3 - 5*y**2 + 6*y - 4. Calculate n(5).
26
Let o(j) = -2*j**2 + 4*j - 12. Give o(4).
-28
Let o(n) = n**3 + 6*n**2 + 9*n - 1. Determine o(-3).
-1
Let p(i) = -3*i**3 - 3*i**2. Give p(-2).
12
Let w(k) = k**3 + 5*k**2 + 4*k + 4. Determine w(-3).
10
Let l(p) = p**2 - 70*p + 474. What is l(62)?
-22
Let o(s) = -s - 18. What is o(-10)?
-8
Let a(q) = -q**2 - 14*q + 57. Determine a(3).
6
Let o(v) = 17*v - 3. Calculate o(2).
31
Let l(v) = -v**2 - 4*v - 11. What is l(-5)?
-16
Let j(q) = -q**3 - 6*q**2 - 6*q + 2. Give j(-2).
-2
Let k(w) = w**3 + 4*w**2 - 5*w - 6. Determine k(-3).
18
Let m(p) = -3*p**3 + 2*p**2 - p - 1. Calculate m(2).
-19
Let d(m) = -3*m - 4. Determine d(-7).
17
Let f(l) = -3*l - 28. Give f(5).
-43
Let z(k) = -k**2 + 20*k - 51. Determine z(3).
0
Let j(d) = -2*d + 10. What is j(8)?
-6
Let f(x) = -x**2 + 12*x - 8. Calculate f(12).
-8
Let k(z) = 6*z - 43. Determine k(10).
17
Let m(n) = n**2 - 9*n - 14. Determine m(13).
38
Let u(x) = 13*x - 61. Give u(6).
17
Let z(d) = d**2 + 18*d + 10. Calculate z(-17).
-7
Let h(g) = g**3 + 6*g**2 + 6*g. Determine h(-4).
8
Let a(c) = c**3 + 6*c**2 - 14*c - 57. Give a(-7).
-8
Let b(o) = -o + 8. Determine b(8).
0
Let i(o) = o**2 - 8*o - 70. What is i(-5)?
-5
Let d(c) = 2*c**3 + 2*c**2 - 4*c. Determine d(-3).
-24
Let m(t) = t**2 - 3*t + 2. Give m(-3).
20
Let c(o) = o**2 + 15*o - 5. Give c(-16).
11
Let f(w) = w**3 + 18*w**2 + 48*w + 10. Determine f(-15).
-35
Let d(i) = -3*i - 53. Give d(-19).
4
Let u(y) = 25*y + 1745. What is u(-70)?
-5
Let b(x) = -x + 7. Give b(6).
1
Let a(l) = 7*l**2 - l + 2. What is a(3)?
62
Let r(v) = -v**3 + 8*v**2 - 2*v - 10. Calculate r(8).
-26
Let x(h) = h**2 + 10. Determine x(0).
10
Let v(m) = -m**3 - m**2 + m + 4. What is v(0)?
4
Let p(w) = w**3 - 4*w - 5. What is p(3)?
10
Let s(h) = 7*h - 24. What is s(4)?
4
Let q(a) = -11*a - 10. What is q(-1)?
1
Let m(a) = a**3 + 2*a**2 - 5*a + 1. Determine m(-5).
-49
Let z(s) = -2*s - 19. Determine z(-7).
-5
Let s(h) = -h**3 - h**2 + 1. Give s(0).
1
Let q(g) = g**2 - 8*g + 12. Calculate q(5).
-3
Let v(h) = h**3 - 5*h**2 - 7*h + 13. Give v(6).
7
Let a(m) = 2*m**3 - m**2 + 6*m - 3. Calculate a(2).
21
Let m(g) = -g**3 - 10*g**2 - 12*g - 7. Give m(-5).
-72
Let t(z) = -z**3 - 8*z**2 - 7*z + 7. What is t(-7)?
7
Let v(q) = -q**2 + 2*q + 10. What is v(7)?
-25
Let i(w) = w**3 - w**2 